r + 381. What is the remainder when 709 is divided by w?
79
Let k = 31 - -3. Let i = 88 - k. Suppose 4*t + 2*t = i. Calculate the remainder when 42 is divided by t.
6
Calculate the remainder when (2 + 3 + -2)*(84 - -84) is divided by 43.
31
Calculate the remainder when 9117 is divided by 160*(425/34 - 12).
77
Let q = -218 + 613. Suppose -16*d + q - 27 = 0. Suppose -2*k - 4*v = -4, -6*k = -3*k - 2*v - 46. What is the remainder when d is divided by k?
11
Suppose -79 = 4*w + 5*u - 291, 0 = 2*w + 9*u - 158. What is the remainder when 14617 is divided by w?
40
Suppose 5*y + 1 = 71. Let r(p) = 12 + p**2 - y*p - p**2 + 2*p**2. Calculate the remainder when 137 is divided by r(8).
25
Let p = -253 - -261. Suppose 3*r + 193 = j, -3*r = -p*j + 6*j + 371. What is the remainder when j is divided by 45?
43
Let d(l) = -5*l**3 - l**2 + 2*l + 2. Suppose 2*i = -5*y + 374, -3*y - i + 114 = -111. What is the remainder when (-4 - (-30)/4)/(2/y) is divided by d(-2)?
31
Suppose -17*w + 15*w + 30 = 0. Suppose -4*j + 223 = 3*y, 13*j - 2*y = w*j - 110. What is the remainder when 65 is divided by j?
7
Suppose -4*u = -23*u + 57. Suppose -u*g + 2*y + 88 = -3*y, 4*g + 3*y - 127 = 0. Calculate the remainder when 89 is divided by g.
27
Suppose -9566 = -71*l + 6077 - 3147. What is the remainder when l is divided by 12?
8
Suppose 2*w = -2*u + 250, -20*u + 15*u - 3*w = -635. Calculate the remainder when 1426 is divided by u.
126
Suppose 4*t = 2*l + 72, -2*l = 5*t - 19 - 71. Suppose t*x = 252 + 234. What is the remainder when 1077 is divided by x?
24
Let g(n) = -n**2 + 2*n - 74. Let v be g(-14). Let y = -152 - v. Calculate the remainder when y is divided by 1/(-4) - 58/(-8).
6
Let c = 1905 - 1903. What is the remainder when 129 is divided by c?
1
Calculate the remainder when (-5 - -4)*-18 + 13 is divided by 5.
1
Suppose -73*r - 81*r = -148*r - 24918. What is the remainder when r is divided by 1381?
10
Suppose 5*u + 331 = 8*b - 4*b, 203 = 2*b + 5*u. What is the remainder when 105 is divided by b?
16
Let b = 54 + 36. Calculate the remainder when b is divided by (-128)/24*((308/(-8))/11 + -1).
18
Suppose 3*w - 7*w = 2*y - 24, 2*y + 3*w = 19. Let u(a) = -125 - a**3 + 127 + 6*a**y - 4*a - 3*a. Calculate the remainder when u(4) is divided by 3.
0
Let z be (-35)/5 + 29 - 4. Suppose 0 = z*i + 16*i - 442. Calculate the remainder when 139 is divided by i.
9
Let o(t) = -7*t**2 + 25*t + 48. Let h(n) = -18*n**2 + 51*n + 96. Let m(x) = 2*h(x) - 5*o(x). Calculate the remainder when 110 is divided by m(-4).
26
Suppose 2*d + 6 = 5*a, -8*a + 12 = -3*a - 4*d. Suppose -20*c + 353 + 427 = a. Calculate the remainder when c is divided by 15.
9
Let n = -3388 - -3413. Calculate the remainder when 41 is divided by n.
16
What is the remainder when -8*(2193/(-9))/((-72)/(-54)) is divided by 19?
18
Let m(b) = -5*b**2 - 35*b + 74. Calculate the remainder when 1677 is divided by m(-8).
11
What is the remainder when (-17)/(-51) - (-478)/6 is divided by (4 + -14)*110/(-50)?
14
Suppose -625 = -14*a + 19*a. Let k = a - -136. Calculate the remainder when 29 is divided by k.
7
What is the remainder when 473 is divided by (3 - (-3)/(-2))*-1*(-224)/24?
11
Let k = 17420 - 15538. What is the remainder when k is divided by 78?
10
Let p(h) = 8 + 10*h**2 - h**3 + 13*h**2 + 4 + 2 - 41*h. Suppose 0*u - 4*u = -548. What is the remainder when u is divided by p(21)?
32
Let m(c) = -c**2 - 10*c - 7. Let r = 84 + -93. Let y be m(r). Calculate the remainder when ((-40)/(-16))/(y/8) is divided by 3.
1
Suppose 0*h = -h - 4*v - 38, 4*v - 286 = 5*h. Let g be (44/(-33))/((-1)/h). Let w = -54 - g. What is the remainder when 121 is divided by w?
13
Let o(l) = -2*l + 17 - 31 - 2*l. Let p = -7 + 15. Calculate the remainder when o(-7) is divided by p.
6
Let w be ((-2)/(-3))/(32/432). Suppose w*f - 5 = 31. Suppose -5*s + 2*i + 44 + 760 = 0, 2*s = -f*i + 336. Calculate the remainder when s is divided by 41.
39
Suppose 827*b - 824*b = 621. Suppose -3*i = 6*i - b. What is the remainder when 136 is divided by i?
21
Suppose 21*l = 34 + 2780. Calculate the remainder when l is divided by 15.
14
Suppose 10 + 2 = -4*j. Let a(r) = r**3 + 6*r**2 + 3*r - 4. Suppose 0 = -n + 13 - 17, -2*s + 98 = 3*n. Calculate the remainder when s is divided by a(j).
13
Let i = 9179 - 8178. Calculate the remainder when i is divided by 73.
52
Suppose -113*u + 63*u - 975 = -63*u. Let w be 3 - (0/3 + 0). Suppose -2*l - n = n - 58, 6 = w*n. Calculate the remainder when u is divided by l.
21
Suppose 0 = 12*b - 19*b + 25571. Calculate the remainder when b is divided by 87.
86
Let c(q) = q**3 + 54*q**2 - 79*q + 98. Let f be c(-56). Calculate the remainder when (-1)/3 + f/(-75) + 2 is divided by 6.
1
Let u(k) = k**3 + 7*k**2 + 50*k + 221. What is the remainder when 1353 is divided by u(-5)?
9
Let m(s) = 4*s + 30 - 4*s + 2*s + 12. Calculate the remainder when 2 + (-1 + -51)/(-2) is divided by m(-18).
4
Let m be (-2)/((-16)/8*(-1)/(-19)). Calculate the remainder when 54 is divided by (-7)/(-14) - m*(-4)/8.
4
Let x(h) = -6*h**2 - 2*h + 1. Let v be x(2). What is the remainder when 53 is divided by (-291)/v - (-30)/135?
9
Let g(c) = c**3 + 26*c**2 - 16*c + 6. Let s be g(-27). Let v = -269 - s. Let q(n) = -14*n + 1. What is the remainder when q(-6) is divided by v?
19
Let y(t) = -t**3 + 29*t + 11. Let r be y(6). Let c(k) = k**3 + 5*k**2 + 3*k + 5. Calculate the remainder when r/(-2) + 19/38 is divided by c(-4).
7
Suppose 0 = j - 25 + 5. Calculate the remainder when (-105)/(0 - 1) - (144 - 147) - -3 is divided by j.
11
Suppose 0 = -3*x - 9*m + 9252, 7 = -3*m + 4. Calculate the remainder when x is divided by 119.
112
Let t = -442 - -466. Let p(i) = 100*i + 1. Let d be p(1). Let l = -61 + d. What is the remainder when l is divided by t?
16
Let i = -3397 + 3452. What is the remainder when 91 is divided by i?
36
Suppose 14*l - 17*l = 0. Suppose l = 15*o - 20*o + 140. Let k = 268 - 257. Calculate the remainder when o is divided by k.
6
Suppose 5*s + 40*x - 221 = 43*x, s = -5*x + 61. What is the remainder when 89 is divided by s?
43
Let b = -25 - -24. Let w be (-2)/b + -210 + -2. What is the remainder when 1/(-1) - w/7 is divided by 15?
14
What is the remainder when (-1322*(-2)/4)/(9 - 528/60) is divided by 548?
17
Suppose -3*o = 5*i - 10418, -4*o + 15775 = -5*i + 1896. Calculate the remainder when o is divided by 24.
15
Let m(f) = 464*f + 10015. What is the remainder when m(-20) is divided by 23?
22
Suppose f - 10*f = -243. Suppose 2*x - f*x + 3050 = 0. What is the remainder when x is divided by 42?
38
Let w be 0 - (228/(-84) - 2/7). Calculate the remainder when (1 + -2)/(w/(-39)) is divided by 8.
5
Suppose -8*d + 4*d - 528 = 0. Let h be (-8)/(-28) + d/(-28). What is the remainder when (-43)/3*(h + -8) is divided by 23?
20
Suppose 72*w = -24*w + 35922 + 2094. Calculate the remainder when w is divided by 10.
6
Let v be 3/(-2)*630/(-15). Suppose -4*k - v = 5*n - 14, -4*k = 2*n + 22. Let m(s) = -2*s**2 - 22*s - 1. What is the remainder when 209 is divided by m(n)?
34
Let l(h) = -h**3 - 2*h**2 - 7*h + 30099. What is the remainder when l(0) is divided by 175?
174
Suppose -2*x - 2 + 28 = 0. Suppose -7 = -g - k - 17, 0 = -4*g - 3*k - 35. Let z(f) = -15*f - 69. What is the remainder when x is divided by z(g)?
1
Suppose -19626 = 49*q - 55*q. What is the remainder when q is divided by 80?
71
Let i(t) = 10*t - 3. Let b(l) = l**3 - 74*l**2 + 396*l + 824. What is the remainder when i(4) is divided by b(68)?
5
Let z(y) = -28*y - 129. Let r(a) = 5*a**3 - 2*a + 1. What is the remainder when r(2) is divided by z(-5)?
4
Let q(d) = 0*d + 4 + 14*d - 2 + 2*d. Calculate the remainder when q(2) is divided by (0*(-3)/(-6))/(-2) + 9.
7
Let s = 3553 - 3527. What is the remainder when 857 is divided by s?
25
Let m be (-2)/(-8) - (-1)/((-8)/(-6)). Let r(j) = 4*j**2 + j. Calculate the remainder when 27 is divided by r(m).
2
Suppose -4*h = r - 2 + 9, -4*r - 12 = 0. Suppose 18*f - 14*f = 316. What is the remainder when f is divided by (-10 + 2 + -3)*(-1 + h)?
13
Let p(y) = -y**2 + 20*y - 19. Let q be p(19). Let i(s) = s**3 + 3*s**2 - s + 218. What is the remainder when i(q) is divided by 37?
33
Suppose -295 - 173 = -13*t. Suppose -t*h - 8 = -38*h. Suppose h*u + 590 = 3*r - 0*u, u - 185 = -r. Calculate the remainder w